What are the prime factors of c - (-236 - (-2)/(-1))?
3, 79
Suppose 3 - 13 = -2*f. Suppose -3*l = a - 241 - 259, 3*a = f*l + 1528. What are the prime factors of a?
2, 11, 23
Let u(w) = -3*w**2 + 23*w - 83. Let i be u(-22). Let f = -1411 - i. What are the prime factors of f?
2, 3, 5, 7
Let d(y) = 520*y**3 + 15*y**2 - 6*y + 6. List the prime factors of d(2).
2, 7, 43
Let b(d) = d**2 - 3*d + 6. Let m be b(6). Suppose -7*t - m = -4*t. What are the prime factors of (-2)/(0 + t/204)?
3, 17
Let d = 34 + -31. Suppose 3 = d*j, j = -5*x + 4*j + 1142. What are the prime factors of x?
229
Suppose 43901 - 372 = 9*c - 20794. List the prime factors of c.
7, 1021
Let i(p) = -p**2 + 18*p - 14. Let h be i(17). Suppose -h*l + 4*l = 4. Suppose 25 = 5*n - 0*r + 2*r, 0 = -l*n + 3*r - 3. What are the prime factors of n?
3
Let h(l) = 2*l**2 + 207*l - 70. Let d be h(-104). Let j = -293 - -426. Let w = d + j. List the prime factors of w.
167
Let u be (-36)/(-96) + (-120111)/(-24). Suppose -3*s = 10*s - u. List the prime factors of s.
5, 7, 11
Let g(q) = q**2 + 16*q + 31. Let j be g(17). Suppose 2*u = 1346 + j. What are the prime factors of u?
3, 17, 19
Suppose f - 4*f = 2*f. Suppose -4*b - 2*q + 8 = f, 0 = -0*q - q - 2. List the prime factors of ((6 - b) + -2)*(9 + 2).
11
Suppose -7*u - 514 = -2250. Let z = 521 - u. Let l = 406 - z. List the prime factors of l.
7, 19
Let h(c) = c**2 + 10*c. Let l = -7 + -2. Let r be h(l). What are the prime factors of ((-6)/r)/1 - (-350)/6?
59
Let p = 11113 - 4169. Suppose -8*j = -22640 + p. What are the prime factors of j?
2, 3, 109
Let u(c) = -65*c**3 + 19*c**2 + 87*c - 23. What are the prime factors of u(-7)?
2, 11, 13, 79
Let v = 7266 - 1992. What are the prime factors of v?
2, 3, 293
Suppose -182512 - 111536 = -93*u + 316125. List the prime factors of u.
3
List the prime factors of ((-406340)/33)/(36/(-27)).
5, 1847
What are the prime factors of ((-9)/4)/((-171)/2420904)?
2, 3, 5309
Suppose 2*l + 5*p = -10, p + 6 = -2*p. Let v(u) = -u**3 + u**2 + 2*u + 141. Let t be v(l). What are the prime factors of 2/(4 - t/36)?
2, 3
Let j(t) = 30*t - 1054. List the prime factors of j(59).
2, 179
Suppose -2*k - 192176 - 482889 = -91*k. What are the prime factors of k?
5, 37, 41
Let c = -242 - -418. Let a = -284 + 285. What are the prime factors of (3 + c + -5)*a?
2, 3, 29
Let z(v) = 398*v + 2146. What are the prime factors of z(34)?
2, 3, 13, 67
Let t = 74884 - 49736. List the prime factors of t.
2, 6287
Let x = 15 - 12. Suppose x*h - 6*q = -4*q + 1372, -3*h + 1369 = -5*q. List the prime factors of h.
2, 229
Let y be (-1)/((-6)/44) + (-14)/42. Let l(i) = -i**2 + 7*i + 4. Let z be l(y). Suppose 7*a = -4*t + 3*a + 660, -666 = -z*t + 2*a. List the prime factors of t.
2, 83
Suppose -6*d - 5*x = -5*d + 21, -5*d - 5 = 5*x. Suppose 7*i = 2*i + 3*n + 952, 2*i - d*n - 392 = 0. List the prime factors of i.
2, 47
Let p(y) = -11*y - 6. Let v be p(-3). Suppose -d + 6 = -v. Suppose 3*x + 5*m - 20 = d, 4*x - 94 = 5*m. List the prime factors of x.
3, 7
Suppose -t = 4 - 2, -3*t = -4*u + 2. Let a be 5*(u - -2*(-1)/(-1)). Suppose 5*d + 4*y - 1443 = 0, -a*y = d + d - 567. What are the prime factors of d?
3, 97
Suppose 3*s - 20*z = 175093, 0 = 145*s - 142*s + 4*z - 175117. What are the prime factors of s?
3, 19457
Let b = -3943 + 10289. List the prime factors of b.
2, 19, 167
Let y be (-30)/(-7) + 12/(-42). Suppose y*g + 4*p = 696, 10*g - 12*g + 5*p = -355. List the prime factors of g.
5, 7
What are the prime factors of (10/(-20))/((9/(-13778))/9)?
83
Let h(r) = r**3 - 13*r**2 - 14*r. Let g be h(14). Suppose b = 3*b - 6. Suppose 204 = -g*k + b*k. List the prime factors of k.
2, 17
Let d(c) = 10 - 8 + 3 - 4*c + 54*c**2. Let h be d(-5). Suppose 16*q + h - 4415 = 0. List the prime factors of q.
2, 5, 19
Let d(z) = -4*z**3 + 35*z - 73. List the prime factors of d(-16).
19, 829
Suppose -4*f + 4*m - 6 = -f, -4*m - 42 = 5*f. Let o(z) = 4*z - 20. Let g be o(f). Let k = g + 74. List the prime factors of k.
2, 3, 5
Suppose 10*d = -3*d + 104. Suppose -d*m = -155 - 157. List the prime factors of m.
3, 13
Let g be 13/((-39)/24) + 13. Suppose -g*l + 2*l + 15 = 0, 2*f = -3*l + 3381. List the prime factors of f.
3, 11, 17
Let u(h) = -h**3 - h**2 + 3*h + 8. Let w be u(5). Let n = w - -206. Suppose 339 = 5*f - 3*c, -f = 6*c - c - n. List the prime factors of f.
3, 23
Let x(u) = 2 + 178*u**3 - 56*u**3 - 61*u**3 - u + 7*u - 62*u**3 + 29*u**2. List the prime factors of x(27).
2, 811
What are the prime factors of (-36)/28 - 21570954/(-609)?
35419
Let w(f) be the third derivative of f**6/60 + 13*f**5/30 - f**4/2 - 3*f**3/2 + 63*f**2. List the prime factors of w(-13).
3, 7
Let i = -4067 - -13840. List the prime factors of i.
29, 337
Let u = -4069 - -6204. Suppose 0 = 2*x - 3*z - u, 17*x - 15*x = 5*z + 2145. List the prime factors of x.
2, 5, 53
What are the prime factors of ((-6)/(-18)*-8)/((-2)/3324)?
2, 277
Let l(g) = 98*g - 30. Let w = -335 + 340. List the prime factors of l(w).
2, 5, 23
Suppose -t + 10 = -65. Suppose -t = -6*x + 489. Suppose -10*r = -11*r + x. What are the prime factors of r?
2, 47
Suppose 5*b + 3*n - 2*n - 98 = 0, 5*n - 30 = -2*b. Let j be -10*(-5)/(b/(-24)). What are the prime factors of 0 - (-4 + 0 + j)?
2
Let h(f) = 4*f - 2. Let v be h(3). Suppose -2*c + v = 18. What are the prime factors of 57/((-6)/2)*36/c?
3, 19
Suppose 16*b + 270326 - 455984 - 377814 = 0. List the prime factors of b.
3, 7, 13, 43
Suppose 1039 = 4*f + 5*g, -5*g - 189 = -f + 102. Suppose 196 = -d - f. List the prime factors of d/(-5) - 18/45.
2, 23
Let y = 17 + -9. Suppose -y*h = -9*h + 255. Suppose -5*p = -d - h - 28, -3*p + d = -169. List the prime factors of p.
3, 19
List the prime factors of 1/(-13) - 89700446/(-1573).
5, 2281
Let h(v) = -4*v - 12. Let l(z) = -3*z**2 - 3*z + 8. Let c be l(-3). List the prime factors of h(c).
2, 7
Let n be 8/(-14) - (80/7 + -1). Let q = n + 15. Suppose 11 = q*b - 325. List the prime factors of b.
2, 3, 7
Let w(b) be the third derivative of b**5/60 + b**4/12 - 29*b**3/3 - 2*b**2 - 9*b. What are the prime factors of w(-18)?
2, 5, 23
Let b = -781 + 1540. Suppose -2295 + b = -4*t. Suppose r = -2*r + t. What are the prime factors of r?
2
Let b(x) be the second derivative of -x**5/20 + 11*x**4/6 - 23*x**3/3 + 21*x**2 + 3*x - 38. List the prime factors of b(19).
251
Suppose 5*v = -3*d + 10317, 0 = 2*v - 5*d + 9*d - 4138. Suppose 2*t = -3*s + 231 + 1812, -3*s + 4*t = -v. List the prime factors of s.
683
Let q be (-93)/(-124) - 26/(-8). Suppose 0 = r + 5*j - 764, -3080 = -q*r + j + 3*j. What are the prime factors of r?
769
Let a = 111 - 108. Suppose 3*k - 900 = -a*r, -r + 4*k + 325 = -0*r. List the prime factors of r.
5, 61
Suppose -276019 - 242477 = -24*t. List the prime factors of t.
2, 11, 491
Let b = 15 + -11. Let u be (101 + 5)*(-3)/(-3). Suppose b*a - 6*a = -u. What are the prime factors of a?
53
What are the prime factors of 37514/8 + 2/(-4)*7/14?
3, 521
Let o be (-92911)/(-35) - 5 - 6/(-15). Let j = o - 1516. List the prime factors of j.
2, 3, 7
Suppose 21*i - 14*i - 644 = 0. Suppose 0 = -u + 403 - i. List the prime factors of u.
311
Let l = 255 - 209. Let j be (15 + 0)*(4 - 1). Let y = j + l. What are the prime factors of y?
7, 13
Let l = 42087 - 30472. List the prime factors of l.
5, 23, 101
Let q be ((-78)/18)/(6/198). Let h = q + 281. List the prime factors of h.
2, 3, 23
Let v = -224 - -153. Let p = -68 - v. Suppose 2*c - 5*y = 344, -4*c + p*y + 660 = -0*c. What are the prime factors of c?
2, 3
Let h(b) be the second derivative of -11*b**3/3 - 10*b**2 - 11*b + 82. Let t(g) = -g - 5. Let n be t(5). List the prime factors of h(n).
2, 5
Let y be 1/(7 + -3) + (-110)/(-8). Suppose -y*q + 963 = -1207. List the prime factors of q.
5, 31
Suppose 63*y - 204*y + 541452 = -1380942. List the prime factors of y.
2, 17, 401
Suppose i = -t - 2*t + 48, 5*t - 52 = -i. Let b be -3*(2/(-14) + 1280/i). Let v = 127 + b. What are the prime factors of v?
2, 3
Let m = 3100 - -56027. What are the prime factors of m?
3, 19709
Let l(t) = 2*t**2 + 4*t - 1. Let k = 68 + -113. Let p = -54 - k. What are the prime factors of l(p)?
5
List the prime factors of (-1 + -1 + 4)/(9/129474*4).
7193
Let i(f) = -144*f - 7*f**2 + 309*f + 0 - 151*f + 7*f**3 - 14. List the prime factors of i(5)